 -3 (base 4) to base 15.
-3
What is 3 (base 6) in base 13?
3
What is -111 (base 5) in base 15?
-21
Convert 7 (base 11) to base 2.
111
-39 (base 13) to base 2
-110000
What is 3012 (base 4) in base 8?
306
What is -222 (base 3) in base 15?
-1b
Convert 73 (base 8) to base 9.
65
Convert 26 (base 7) to base 9.
22
What is 2020 (base 4) in base 10?
136
Convert 3c (base 13) to base 8.
63
What is 3 (base 5) in base 12?
3
Convert -1 (base 2) to base 8.
-1
What is 3a (base 13) in base 14?
37
Convert -37 (base 10) to base 12.
-31
Convert -12 (base 3) to base 14.
-5
-101 (base 6) to base 11
-34
-11 (base 3) to base 16
-4
11 (base 7) to base 12
8
Convert -1 (base 13) to base 3.
-1
-18d (base 14) to base 12
-229
What is 1 (base 5) in base 3?
1
What is 0 (base 11) in base 9?
0
89 (base 10) to base 4
1121
19 (base 15) to base 13
1b
10 (base 7) to base 9
7
-2 (base 14) to base 3
-2
What is 5 (base 6) in base 10?
5
What is 171 (base 10) in base 15?
b6
Convert -1 (base 11) to base 15.
-1
What is b (base 16) in base 11?
10
10 (base 2) to base 13
2
2 (base 8) to base 2
10
Convert 45 (base 9) to base 2.
101001
4 (base 7) to base 12
4
Convert 1 (base 6) to base 4.
1
What is 10 (base 2) in base 8?
2
-1000 (base 2) to base 6
-12
Convert -26 (base 14) to base 3.
-1021
What is 30 (base 10) in base 8?
36
What is -ab (base 14) in base 12?
-107
Convert -1 (base 11) to base 4.
-1
Convert 200 (base 5) to base 2.
110010
24 (base 15) to base 6
54
Convert 2 (base 16) to base 13.
2
What is 9 (base 13) in base 8?
11
11 (base 6) to base 7
10
13 (base 5) to base 12
8
Convert -10 (base 4) to base 3.
-11
Convert 4 (base 10) to base 15.
4
Convert 4d (base 14) to base 12.
59
101 (base 7) to base 10
50
What is -11 (base 2) in base 16?
-3
Convert -10 (base 6) to base 3.
-20
Convert 252 (base 9) to base 3.
21202
100 (base 11) to base 3
11111
-41 (base 6) to base 3
-221
Convert -22 (base 4) to base 14.
-a
What is -1 (base 2) in base 15?
-1
What is -15 (base 10) in base 11?
-14
Convert 145 (base 12) to base 7.
401
Convert -435 (base 6) to base 11.
-142
What is -1 (base 4) in base 15?
-1
-4 (base 6) to base 11
-4
Convert 4 (base 7) to base 10.
4
What is -86 (base 9) in base 7?
-141
Convert 3 (base 12) to base 15.
3
Convert 11 (base 9) to base 11.
a
a (base 14) to base 8
12
What is 132 (base 8) in base 9?
110
What is -4 (base 16) in base 2?
-100
Convert -4 (base 10) to base 6.
-4
2 (base 16) to base 10
2
Convert -95 (base 12) to base 11.
-a3
Convert 0 (base 6) to base 9.
0
Convert 303 (base 8) to base 3.
21020
-3 (base 8) to base 5
-3
Convert 3120 (base 4) to base 14.
116
What is -3c (base 15) in base 16?
-39
10000 (base 2) to base 3
121
Convert -7 (base 11) to base 10.
-7
Convert -7 (base 16) to base 9.
-7
-1 (base 16) to base 8
-1
What is 24 (base 12) in base 6?
44
341 (base 6) to base 13
a3
23 (base 10) to base 7
32
What is -1 (base 15) in base 4?
-1
Convert a9 (base 15) to base 13.
c3
Convert -1001 (base 2) to base 8.
-11
-2 (base 13) to base 14
-2
Convert 5 (base 9) to base 8.
5
-10 (base 12) to base 13
-c
2 (base 5) to base 6
2
-3e (base 15) to base 6
-135
Convert 24 (base 16) to base 11.
33
What is 0 (base 16) in base 9?
0
Convert 3 (base 8) to base 9.
3
What is 1 (base 6) in base 12?
1
-15 (base 12) to base 15
-12
What is -4 (base 8) in base 14?
-4
-7 (base 15) to base 14
-7
-1b (base 13) to base 11
-22
What is -5 (base 12) in base 4?
-11
What is b (base 12) in base 15?
b
110 (base 2) to base 8
6
3 (base 9) to base 7
3
b9 (base 14) to base 7
322
What is 342 (base 7) in base 14?
c9
0 (base 7) to base 13
0
102 (base 3) to base 8
13
Convert -12 (base 8) to base 5.
-20
Convert 102 (base 9) to base 6.
215
-2 (base 4) to base 16
-2
What is 44 (base 7) in base 6?
52
-1204 (base 5) to base 12
-12b
-1 (base 14) to base 2
-1
79 (base 16) to base 5
441
What is 3 (base 15) in base 4?
3
-13 (base 9) to base 11
-11
What is 1d (base 15) in base 8?
34
What is -1221 (base 3) in base 10?
-52
Convert 1031 (base 4) to base 3.
2212
What is -5 (base 16) in base 2?
-101
1313 (base 6) to base 8
515
Convert 1 (base 16) to base 8.
1
What is 100 (base 2) in base 14?
4
26 (base 7) to base 15
15
15 (base 13) to base 5
33
What is 460 (base 7) in base 8?
356
What is 2 (base 8) in base 2?
10
What is -3 (base 9) in base 16?
-3
-5 (base 16) to base 6
-5
What is 1 (base 12) in base 16?
1
What is -2 (base 3) in base 14?
-2
What is 1001100 (base 2) in base 3?
2211
What is -25 (base 7) in base 15?
-14
Convert -44 (base 16) to base 11.
-62
3 (base 11) to base 9
3
4 (base 5) to base 2
100
-4 (base 15) to base 6
-4
1 (base 13) to base 6
1
What is -1b (base 15) in base 11?
-24
-3 (base 5) to base 16
-3
What is -b (base 16) in base 3?
-102
What is 10 (base 2) in base 15?
2
What is -3 (base 9) in base 13?
-3
216 (base 9) to base 11
151
What is -20 (base 5) in base 3?
-101
1b (base 13) to base 11
22
156 (base 7) to base 8
132
What is -100 (base 3) in base 2?
-1001
Convert 3 (base 6) to base 8.
3
What is -5 (base 10) in base 5?
-10
What is -5 (base 7) in base 9?
-5
15 (base 12) to base 6
25
48 (base 13) to base 5
220
What is 4 (base 6) in base 16?
4
14 (base 9) to base 16
d
23 (base 13) to base 12
25
Convert -2 (base 16) to base 4.
-2
Convert 12 (base 3) to base 10.
5
Convert 2 (base 8) to base 13.
2
e (base 16) to base 10
14
-24 (base 16) to base 6
-100
11 (base 2) to base 8
3
What is 7 (base 10) in base 14?
7
What is b (base 14) in base 12?
b
What is -10 (base 4) in base 12?
-4
-64 (base 12) to base 16
-4c
1240 (base 5) to base 10
195
What is -66 (base 15) in base 9?
-116
What is -105 (base 7) in base 5?
-204
10 (base 12) to base 8
14
41 (base 12) to base 5
144
What is 49 (base 11) in base 8?
65
What is -6 (base 16) in base 11?
-6
1a (base 15) to base 12
21
Convert 27 (base 9) to base 12.
21
Convert 5a (base 12) to base 3.
2121
What is 133 (base 4) in base 3?
1011
What is 1244 (base 5) in base 7?
403
-44 (base 9) to base 10
-40
Convert -100111 (base 2) to base 13.
-30
15 (base 12) to base 14
13
2 (base 9) to base 5
2
-3 (base 12) to base 6
-3
0 (base 7) to base 11
0
Convert -1 (base 7) to base 14.
-1
Convert -2 (base 13) to base 12.
-2
What is 23 (base 4) in base 15?
b
What is -18d (base 14) in base 15?
-166
What is 13 (base 15) in base 7?
24
Convert 515 (base 8) to base 11.
283
Convert aa (base 11) to base 8.
170
Convert 2121 (base 4) to base 11.
12a
12 (base 9) to base 12
b
What is 1 (base 15) in base 8?
1
2 (base 11) to base 16
2
What is -226 (base 10) in base 11?
-196
-10110 (base 2) to base 13
-19
What is -25 (base 11) in base 7?
-36
17 (base 15) to base 16
16
What is 17 (base 12) in base 9?
21
9c (base 13) to base 3
11210
4 (base 7) to base 10
4
Convert -4 (base 6) to base 13.
-4
What is 6 (base 8) in base 6?
10
11 (base 4) to base 7
5
Convert -345 (base 6) to base 11.
-115
Convert -22 (base 7) to base 2.
-10000
What is b (base 12) in base 15?
b
Convert 106 (base 7) to base 4.
313
Convert 0 (base 10) to base 5.
0
Convert -433 (base 7) to base 3.
-22011
-102 (base 8) to base 2
-1000010
What is 10 (base 3) in base 13?
3
Convert 211 (base 3) to base 9.
24
Convert 28 (base 13) to base 12.
2a
Convert 11 (base 3) to base 14.
4
Convert 1 (base 4) to base 2.
1
What is -130 (base 6) in base 7?
-105
What is 16 (base 16) in base 8?
26
11000110 (base 2) to base 3
21100
-5 (base 10) to base 14
-5
-34 (base 6) to base 16
-16
What is -151 (base 7) in base 10?
-85
-7 (base 10) to base 16
-7
-10 (base 9) to base 14
-9
What is 16 (base 14) in base 3?
202
What is -7e (base 16) in base 4?
-1332
-7 (base 11) to base 15
-7
26 (base 7) to base 5
40
What is 3 (base 9) in base 15?
3
What is -156 (base 7) in base 5?
-330
100 (base 2) to base 8
4
What is -125 (base 8) in base 13?
-67
Convert -29 (base 12) to base 3.
-1020
Convert -231 (base 4) to base 8.
-55
Convert -34 (base 8) to base 9.
-31
What is 1 (base 12) in base 10?
1
b (base 15) to base 6
15
-343 (base 5) to base 6
-242
What is 23 (base 13) in base 11?
27
-3 (base 16) to base 2
-11
Convert 25 (base 10) to base 13.
1c
Convert 4d (base 15) to base 11.
67
251 (base 10) to base 6
1055
-13 (base 4) to base 10
-7
What is 11 (base 10) in base 14?
b
-55 (base 7) to base 6
-104
Convert -2 (base 6) to base 5.
-2
What is 2 (base 6) in base 12?
2
-97 (base 10) to base 7
-166
What is 1 (base 13) in